 base 8.
15
Convert 534 (base 6) to base 15.
d7
Convert -2 (base 7) to base 2.
-10
Convert -13 (base 8) to base 9.
-12
What is -29 (base 12) in base 6?
-53
What is 2 (base 10) in base 12?
2
-14 (base 9) to base 7
-16
Convert -31 (base 8) to base 4.
-121
What is -3 (base 9) in base 12?
-3
What is -1 (base 7) in base 5?
-1
Convert 221 (base 3) to base 15.
1a
Convert -10101 (base 2) to base 7.
-30
Convert -14 (base 12) to base 15.
-11
Convert 23 (base 9) to base 3.
210
Convert 6 (base 9) to base 14.
6
Convert d (base 15) to base 7.
16
What is 11 (base 16) in base 8?
21
What is -5 (base 14) in base 12?
-5
Convert 41 (base 9) to base 3.
1101
What is -147 (base 8) in base 9?
-124
Convert 4 (base 5) to base 10.
4
22 (base 10) to base 13
19
What is -3 (base 5) in base 15?
-3
Convert -141 (base 5) to base 14.
-34
-7d (base 16) to base 14
-8d
What is 9b (base 15) in base 6?
402
Convert -3002 (base 4) to base 14.
-dc
-53 (base 8) to base 5
-133
What is -5 (base 13) in base 16?
-5
Convert -1101 (base 3) to base 4.
-211
Convert -1000110 (base 2) to base 3.
-2121
Convert 124 (base 8) to base 9.
103
What is -34 (base 8) in base 5?
-103
What is 15 (base 7) in base 15?
c
What is 6 (base 11) in base 2?
110
What is -65 (base 12) in base 11?
-70
What is 4 (base 9) in base 4?
10
What is 3 (base 5) in base 10?
3
Convert -81 (base 14) to base 9.
-135
1 (base 16) to base 15
1
-22 (base 14) to base 16
-1e
What is -71 (base 14) in base 11?
-90
5 (base 14) to base 7
5
What is -200 (base 9) in base 8?
-242
Convert -b (base 16) to base 8.
-13
What is -51 (base 8) in base 14?
-2d
86 (base 14) to base 7
226
Convert 121 (base 4) to base 7.
34
What is a (base 13) in base 14?
a
Convert -10 (base 10) to base 8.
-12
What is 2130 (base 4) in base 12?
110
What is 217 (base 8) in base 14?
a3
19 (base 14) to base 13
1a
Convert -4 (base 15) to base 11.
-4
-54 (base 12) to base 5
-224
Convert a (base 14) to base 13.
a
-1201 (base 3) to base 6
-114
What is 0 (base 8) in base 3?
0
What is -61 (base 12) in base 16?
-49
-2110 (base 3) to base 14
-4a
Convert 2 (base 3) to base 4.
2
What is -1b (base 16) in base 9?
-30
Convert 6b (base 12) to base 15.
58
Convert -1302 (base 5) to base 2.
-11001010
3 (base 6) to base 16
3
What is 2 (base 13) in base 16?
2
Convert -23 (base 7) to base 15.
-12
What is -1 (base 4) in base 12?
-1
Convert 221 (base 5) to base 11.
56
Convert 2 (base 14) to base 13.
2
Convert 0 (base 2) to base 3.
0
What is 21 (base 9) in base 11?
18
Convert -4 (base 8) to base 3.
-11
0 (base 13) to base 15
0
What is -122 (base 6) in base 12?
-42
What is -e8 (base 15) in base 6?
-1002
Convert -106 (base 9) to base 13.
-69
-2210 (base 3) to base 9
-83
Convert 143 (base 6) to base 5.
223
Convert -122 (base 9) to base 10.
-101
-12020 (base 3) to base 10
-141
Convert -133 (base 7) to base 13.
-58
Convert -3 (base 4) to base 12.
-3
Convert -1021 (base 4) to base 8.
-111
-12 (base 3) to base 16
-5
-33 (base 9) to base 4
-132
2f (base 16) to base 10
47
Convert -5 (base 9) to base 10.
-5
What is 11 (base 4) in base 14?
5
Convert -1 (base 2) to base 15.
-1
Convert -d0 (base 14) to base 5.
-1212
Convert 63 (base 7) to base 14.
33
-30 (base 4) to base 13
-c
What is 0 (base 6) in base 3?
0
-13 (base 12) to base 5
-30
Convert 14 (base 15) to base 9.
21
What is -202 (base 10) in base 2?
-11001010
-b0 (base 14) to base 7
-310
What is -21 (base 3) in base 4?
-13
Convert 305 (base 9) to base 7.
503
Convert -a5 (base 11) to base 6.
-311
What is -21 (base 11) in base 9?
-25
1 (base 7) to base 12
1
What is -16 (base 10) in base 13?
-13
What is -4 (base 7) in base 9?
-4
What is -2 (base 6) in base 2?
-10
What is -1110 (base 2) in base 8?
-16
-11001110 (base 2) to base 14
-10a
What is 1101 (base 2) in base 11?
12
What is -7 (base 8) in base 13?
-7
What is 1 (base 2) in base 10?
1
6 (base 7) to base 4
12
What is 2 (base 16) in base 5?
2
Convert -169 (base 10) to base 8.
-251
What is 4 (base 13) in base 5?
4
2 (base 15) to base 9
2
Convert 96 (base 11) to base 6.
253
What is -212 (base 7) in base 10?
-107
Convert 11 (base 5) to base 7.
6
-1 (base 12) to base 14
-1
Convert 45 (base 7) to base 13.
27
What is 103 (base 6) in base 10?
39
Convert -5a (base 11) to base 4.
-1001
What is -12 (base 13) in base 2?
-1111
5 (base 15) to base 3
12
-7 (base 9) to base 15
-7
-3 (base 16) to base 4
-3
0 (base 2) to base 5
0
-75 (base 9) to base 12
-58
Convert -107 (base 8) to base 13.
-56
-3 (base 9) to base 15
-3
What is 32 (base 4) in base 6?
22
Convert 210 (base 4) to base 16.
24
What is 3 (base 15) in base 5?
3
Convert -110100 (base 2) to base 6.
-124
0 (base 12) to base 10
0
-52 (base 9) to base 4
-233
-103 (base 4) to base 15
-14
-8 (base 16) to base 8
-10
Convert 1 (base 2) to base 14.
1
What is 9 (base 12) in base 9?
10
-98 (base 16) to base 12
-108
What is -127 (base 9) in base 15?
-71
What is -13 (base 14) in base 13?
-14
What is 10 (base 8) in base 7?
11
Convert -3 (base 13) to base 2.
-11
Convert -c (base 14) to base 10.
-12
-12 (base 11) to base 13
-10
14 (base 6) to base 13
a
Convert 1 (base 5) to base 16.
1
Convert -12 (base 6) to base 11.
-8
Convert -5 (base 13) to base 16.
-5
0 (base 12) to base 3
0
What is 2 (base 9) in base 16?
2
What is a (base 13) in base 4?
22
What is -2 (base 14) in base 12?
-2
-2b (base 15) to base 7
-56
Convert -33 (base 5) to base 16.
-12
-10 (base 2) to base 14
-2
-240 (base 5) to base 14
-50
Convert -1000 (base 2) to base 7.
-11
e (base 15) to base 7
20
What is -8 (base 15) in base 6?
-12
What is 4 (base 6) in base 16?
4
110010 (base 2) to base 11
46
Convert 1 (base 6) to base 14.
1
Convert -3 (base 8) to base 3.
-10
What is -2011 (base 3) in base 8?
-72
3e (base 15) to base 11
54
What is 20 (base 3) in base 12?
6
Convert 34 (base 7) to base 9.
27
Convert 8 (base 15) to base 14.
8
-120 (base 14) to base 12
-168
What is 1010 (base 3) in base 2?
11110
What is 110 (base 3) in base 10?
12
What is -8 (base 14) in base 8?
-10
22 (base 4) to base 9
11
Convert -12 (base 5) to base 14.
-7
3 (base 6) to base 10
3
What is 1 (base 9) in base 16?
1
What is -10 (base 11) in base 4?
-23
What is 5 (base 6) in base 16?
5
What is -58 (base 14) in base 2?
-1001110
-64 (base 7) to base 14
-34
-10 (base 14) to base 7
-20
What is -4 (base 13) in base 6?
-4
Convert 9 (base 13) to base 9.
10
What is 13 (base 7) in base 9?
11
101101 (base 2) to base 10
45
What is 63 (base 8) in base 4?
303
What is -113 (base 6) in base 16?
-2d
Convert 2132 (base 5) to base 7.
565
Convert -1 (base 11) to base 12.
-1
What is -19 (base 13) in base 16?
-16
4 (base 11) to base 5
4
0 (base 13) to base 15
0
What is -1a (base 11) in base 14?
-17
1 (base 7) to base 14
1
61 (base 9) to base 12
47
Convert -10 (base 4) to base 6.
-4
What is 1 (base 4) in base 12?
1
What is 0 (base 16) in base 11?
0
Convert -3 (base 9) to base 12.
-3
-1211 (base 3) to base 8
-61
0 (base 5) to base 2
0
2 (base 12) to base 11
2
What is 8b (base 14) in base 12?
a3
-56 (base 11) to base 6
-141
9 (base 15) to base 8
11
Convert 9a (base 11) to base 6.
301
What is 4 (base 11) in base 15?
4
What is 10 (base 5) in base 2?
101
Convert 243 (base 8) to base 3.
20001
Convert -9 (base 12) to base 11.
-9
Convert -3 (base 8) to base 14.
-3
-22 (base 7) to base 11
-15
What is 0 (base 5) in base 15?
0
Convert 8 (base 10) to base 5.
13
Convert -33 (base 13) to base 3.
-1120
What is 12122 (base 3) in base 12?
108
Convert 70 (base 15) to base 3.
10220
What is -1 (base 3) in base 15?
-1
-a8 (base 12) to base 13
-9b
What is 13 (base 13) in base 3?
121
Convert 8 (base 16) to base 4.
20
What is -21 (base 14) in base 16?
-1d
-110 (base 16) to base 12
-1a8
What is 111 (base 2) in base 7?
10
Convert -1a2 (base 12) to base 11.
-222
-32 (base 5) to base 4
-101
What is -29 (base 10) in base 15?
-1e
12 (base 5) to base 14
7
What is 34 (base 13) in base 3?
1121
What is 4 (base 10) in base 15?
4
-514 (base 6) to base 7
-361
What is 123 (base 7) in base 15?
46
-9 (base 12) to base 11
-9
Convert -1 (base 10) to base 12.
-1
-1 (base 15) to base 8
-1
Convert -3 (base 6) to base 2.
-11
What is -9 (base 12) in base 8?
-11
Convert 6 (base 13) to base 7.
6
-34 (base 15) to base 4
-301
17 (base 13) to base 9
22
5c (base 14) to base 7
145
4 (base 5) to base 14
4
Convert -10011 (base 2)